 477, 2*z - b - 207 - 115 = 0. Is z composite?
False
Suppose -3*v - 69 = -2*y, 0 = -3*y + 4*v - 5*v + 98. Let z be (3/2)/(y/154). Is (8 - (z + -6097))*2/4 prime?
True
Let f = 49869 + -96069. Is -1 - -2 - f/11 composite?
False
Suppose 0 = 58*x - 61*x + 12. Suppose -484 - 19400 = -x*a. Is a composite?
True
Suppose 149*i + 93*i - 51279639 = 47955607. Is i prime?
True
Let x(t) = 13*t**3 + 6*t**2 + 12*t - 6. Let o = 44 + -39. Is x(o) a composite number?
True
Suppose 4*d - 37681 - 53171 = 0. Let p = -13514 + d. Is p a composite number?
False
Suppose -10*f - 3*o = -9*f + 6, 0 = -f - 2*o - 4. Suppose f*t = 9*t - 50283. Is t a composite number?
True
Suppose 9*c = 67*c - 16927010. Is c a prime number?
False
Let f(m) be the third derivative of 0*m + 5/2*m**3 + 9*m**2 + 0 - 1/3*m**4. Is f(-8) a composite number?
False
Let g = 139 - 171. Is g/56 - (-42324)/28 composite?
False
Let q = -102 - -106. Suppose -4*a - a + 2685 = -5*s, -a + 547 = q*s. Let l = -316 + a. Is l a prime number?
True
Suppose -3*n + 8422 = 2*o, -2*n - 4*o + 3890 = -1738. Let v = 739 + n. Is v a composite number?
True
Let m be (-294)/(-15) - (4 + (-132)/30). Suppose 27*l - 259 = m*l. Is l a composite number?
False
Is 5530056/147 + (-15)/35 a prime number?
True
Let b = 282729 - 172012. Is b a prime number?
False
Suppose -y + 12*s - 16*s = -17, 3*s - 9 = -2*y. Let v(m) be the first derivative of 6*m**3 + 3*m**2 + 14*m - 1. Is v(y) composite?
True
Suppose 0 = 2*p - 4*a - 2203486, 2*p - 38*a - 2203477 = -33*a. Is p a prime number?
True
Let m(u) = u**3 - 9*u**2 + 10*u - 10. Suppose -7*r - 16 = -9*r. Let l be m(r). Suppose -4*f = -l*f + 838. Is f a composite number?
False
Let l(g) = -g**3 - 22*g**2 + 52*g - 892. Is l(-63) prime?
False
Suppose -848304 = -33*n - 244833. Is n prime?
True
Let v(k) = k**3 + 27*k**2 - 48*k - 39. Let d be v(-29). Is (-3 + (4 - 2))*d prime?
False
Suppose 4*c - 3*z + 4 = 0, 4*c - 6*c + 2*z = 4. Suppose 2267 = 4*j + 3*q, -3*q = c*j - 153 - 988. Is j a prime number?
True
Let y be ((-27)/(-126)*776)/(1/14). Is (y - -5)*(4 - 3) composite?
False
Let n(l) = l**3 - 3*l**2 + 487. Suppose -6*g + 8*g = 4. Let h(u) = -u + 2. Let k be h(g). Is n(k) prime?
True
Suppose 32*w - 9*w = 125028. Let q = w - 2857. Is q a prime number?
True
Let r = 536252 + -227191. Is r a prime number?
False
Suppose -122*d = -525*d - 75*d + 79606598. Is d a prime number?
True
Let b = 70 + -71. Let j(z) = z - 1. Let c be j(b). Is (8/10)/(c/(-10)) - -415 composite?
False
Let x(n) = 73*n + 39. Suppose 9*a - 352 = a. Is x(a) a composite number?
False
Let f = 41 + -39. Suppose -r - 5 = f*r - 4*c, 12 = 2*r + 5*c. Is (-201698)/(-112) - r/(-8) composite?
False
Let j(c) = 175*c**2 - 16*c - 267. Is j(20) a composite number?
True
Suppose -r + 4*y + 189101 = 0, -3*r + 0*y + y = -567226. Is r a prime number?
False
Let x(o) = 65*o**3 + 41*o**2 + 13*o - 99. Is x(20) composite?
False
Let v(f) = -f**3 - 13*f**2 + 2. Let d be v(-13). Suppose -2*u + 6348 = -d*a, -a = -u + a + 3172. Is u/4 - (-3)/(-1) a prime number?
False
Let i = -69 - -96. Suppose 0 = -i*l + 49007 + 174688. Is l prime?
False
Suppose 11*u = 6*u - 25. Let l(j) = 32*j**2 + 7*j + 32. Is l(u) a prime number?
True
Suppose -4147 = 42*x - 25525. Suppose 502*j - x*j + 66689 = 0. Is j prime?
False
Let x(m) = m**3 - 22*m**2 - 2*m - 21. Let q be x(18). Let g = 3254 + q. Is g a prime number?
True
Is 672435/20 - (-8)/192*6 prime?
False
Suppose -4*h - 24 = -z, 3*z - 5*h = 5*z + 4. Let x be 20/16 - (-6)/z. Suppose 5*m = -2*u + 20 + 696, -x*m = -u + 349. Is u composite?
False
Let h(t) = -2776*t - 305. Is h(-17) composite?
True
Let v(c) = -507*c**3 + 5*c**2 + 12*c + 9. Is v(-4) a prime number?
False
Suppose 0 = -65*a + 14*a + 4213278 + 2780403. Is a composite?
False
Let d = -36515 + 52250. Let k = d - 2978. Is k composite?
False
Let j be (-18 - -17)/((-1 + -2)/(-6537)). Let m = 2058 - j. Is m a prime number?
False
Suppose -65*t = -48*t - 34. Let b be 9/6*3*2. Suppose 71 - b = t*r. Is r a composite number?
False
Let m(o) = -414*o + 7493. Is m(0) a composite number?
True
Let t = 151283 + 78654. Is t a prime number?
True
Suppose 123 = -6*y + 627. Suppose y = 11*b - 4*b. Suppose 52 = b*a - 992. Is a composite?
True
Suppose -7633 - 85280 = -4*v + v. Is v a composite number?
False
Suppose 5*k + 2*i - 8 = 2*k, 2*k + i = 4. Suppose k = 52*j - 62*j + 50990. Is j composite?
False
Suppose -3*q - 1863 = -6*q - y, 1863 = 3*q - 4*y. Let o = 1912 - q. Is o a prime number?
True
Let b(w) be the second derivative of 0 - 5/2*w**3 - 9/2*w**2 + 1/10*w**5 + 20*w - 1/12*w**4. Is b(7) a composite number?
False
Is 26 + 22336 + (4 - -1) composite?
False
Suppose 5*j - 285200 = -5*h, 0 = -40*j + 38*j - 4*h + 114066. Is j prime?
True
Let o(r) = 2*r + 31. Let n be o(-14). Suppose n = -35*s + 36*s. Suppose 0 = s*a + 2*c - 6583 - 2744, -4*a - 5*c + 12436 = 0. Is a a composite number?
False
Let v = 72752 - 33733. Is v composite?
False
Suppose 2*k - 3*x - 26 = -x, 5*k = -4*x + 101. Is ((-102)/(-12))/k*31102 prime?
True
Suppose 10*f - 108723 = 30817. Is f composite?
True
Suppose -727844 = 1450*j - 1454*j. Is j composite?
True
Let n(d) = 41848*d**2 + 21*d + 149. Is n(-6) a prime number?
True
Let y(z) = -1 - 2*z - 3*z + 2*z + 2*z. Let r(o) = -2*o + 6. Let c(m) = 2*r(m) + 18*y(m). Is c(-2) a prime number?
False
Let a(t) = -302*t - 1. Let k be 6/12*(0 + -2). Let p(f) = -f + 1. Let v(y) = k*a(y) - 6*p(y). Is v(3) prime?
True
Let a(l) be the first derivative of 526*l**3/3 + l**2/2 + 9*l - 45. Is a(-2) prime?
True
Let u(n) = n**3 + 19*n**2 + 9*n**2 - 46*n**2 + 15*n**2 + 24 - 5*n**3. Is u(-5) composite?
False
Suppose -5*r - 5 = 0, -4*s + 4*r = -8*s + 20. Suppose 0 = 12*d - s*d - 162432. Is d/16 + 1 + 0 prime?
True
Let t(x) = -x**3 - 16*x**2 + 16*x - 18. Let u be t(-17). Let z = u + 3. Suppose -2*m = -m + z*g - 293, 5*m - 1492 = -g. Is m composite?
True
Is 31550 - -2 - (-20 + 8 - -9) composite?
True
Is (-5*62082/(-135))/(20/330) prime?
False
Suppose 4*k - 4*u - 846832 = 0, 2*k + u - 4*u = 423421. Is k a prime number?
False
Suppose -1196*s + 30532 = b - 1191*s, -4*s + 122176 = 4*b. Is b a prime number?
False
Suppose 11*j + 31590 = 3*b + 14*j, 0 = 4*b - j - 42115. Is b prime?
True
Let g(i) = -i + 16. Let h be g(6). Let y(q) = 119*q**2 + 18*q - 73. Is y(h) prime?
True
Let c(y) be the second derivative of y**4/12 - 183*y**2/2 - 46*y. Is c(-18) prime?
False
Let x(t) = t**3 - 5*t**2 + 5*t. Let i be x(4). Let m(n) = -10 + 4 + 10*n + 2*n - 6*n**2 + n**3 - i. Is m(9) a prime number?
False
Let j = -126 - -122. Let z be (78/15)/(j/(445*-8)). Suppose -r - z = -5*r. Is r a composite number?
True
Let p(g) = -2*g**2 + 14*g - 17. Let q be p(4). Let v(o) = q*o - 16*o + 22 + 21. Is v(-10) a prime number?
False
Is 8/6*30/(-48) - 4503235/(-30) a prime number?
True
Let m = -1620 - -2359. Let n = -140 - m. Is n/(-15) + (-3)/5 prime?
False
Suppose -150*p + 4508847 = -87*p. Is p prime?
True
Suppose 0 = 2*l - 4*r, 2*l - 12 + 10 = 2*r. Is 4*7*((-3429)/(-36) - l) prime?
False
Let l(m) = 20244*m**3 - 9*m**2 - 5*m + 5. Is l(2) composite?
False
Suppose 0 = 5*o - 15*o + 40. Suppose 0 = -3*n - o*d + 34069, -56771 = -5*n + 4*d - 8*d. Is n composite?
False
Let b(p) = 673*p. Suppose 47*n + 20 = 52*n. Suppose 0 = n*a - 6*a + 2. Is b(a) composite?
False
Suppose -5*y + 222081 = 4*p, 3*y + 6*p - 7*p = 133235. Is y composite?
True
Let q(o) be the second derivative of 22*o**4/3 + o**3/2 - 5*o**2/2 + o + 47. Is q(6) composite?
False
Suppose -27*w + 23*w - 224 = 0. Let c = w + 61. Suppose -t = -c*o - 4*t + 3479, 0 = o - 4*t - 682. Is o a prime number?
False
Let n be (-1)/(7/(-35)) + -4. Is 3258 - -39 - (n + (0 - 3)) a prime number?
True
Suppose 170 = 5*o + 155. Suppose -2*y + o*l = -l - 3918, 4*y = -2*l + 7796. Let b = y - 552. Is b a prime number?
True
Suppose -2*h - 16 = -5*t, -12 = -5*h + t - 6. Is 46/161 - 136127/(-14)*h a composite number?
False
Suppose -3 = 3*p - 33. Let k(a) = 34 - 42 - 4*a**3 - a**2 - p*a + 24*a. Is k(-7) a composite number?
False
Suppose -5*x - 371963 = -10*x - z, -z = -8*x + 595146. Is x composite?
True
Suppose 0 = -4*f - 3*u + 34042, -34030 = 67*f - 71*f + 3*u. Is f a prime number?
False
Let p(j) = j**3 + 18*j**2 - 17*j - 11. Let v(m) = -m**2 - 4*m - 1. Let h be v(-2). Suppose -2*a + 30 = -2*n, 0 = -h*n - a - 3*a - 66. Is p(n) 